k) = -k - 2. Let m be g(-5). Let v be -2*(m - (-7)/(-2)). List the prime factors of v/(-3) - (-900)/27.
3, 11
Let h be (-48)/(1/(3 - 4 - 2)). Suppose -550 = -5*z - 3*b, 294 + h = 4*z + 2*b. List the prime factors of z.
107
Suppose -3*v = -3*a + 5736, 0 = 5*a + 4*v - 3*v - 9530. What are the prime factors of a?
1907
Suppose 0 = -4*d - 2*x - 2, -2*d = -2*x - 5 + 3. Suppose 27 = -5*f + 2*i, -f + i = -d*i + 6. Let b = f - -20. What are the prime factors of b?
3, 5
Let o(b) = b**3 - 9*b**2 + 9*b - 6. Let z be o(8). Suppose z*f + 34 = -2*p, -p + 3*f = -0 - 3. Let m = -5 - p. What are the prime factors of m?
7
Let f be 20/(-28) - (-4)/(-14). Let z(k) = -109*k**2 - 3*k - 3. Let s be z(f). Let c = -66 - s. What are the prime factors of c?
43
Let m = 50 + -35. Suppose 0 = -5*j + m, -65 = -5*c + j + 17. List the prime factors of c.
17
Let y be (-3*1)/((-12)/8). Let v(b) = -2*b + b**2 - 8 + y - 1. What are the prime factors of v(-6)?
41
Suppose -5*p = 4*r + 23, -r + 0*r + 13 = 5*p. List the prime factors of (r/(-2))/((-24)/(-304)).
2, 19
Let g = -9 - -15. Suppose z = 3*x - 3*z - 22, x = z + g. List the prime factors of x.
2
Let x = 7 + -1. Suppose y = -2*y + x. Suppose y*h = h + 2. List the prime factors of h.
2
Suppose 4*u + 9 = u + 3*k, 0 = k - 5. Let t be (15/6 - u)*6. Suppose -t*m = 0, 5*m + 1 - 137 = -4*p. List the prime factors of p.
2, 17
Suppose -i + 2*a - 2 = 3*a, 5*i = a + 2. Suppose 2*r + 3*r - 50 = i. Let b = 24 + r. What are the prime factors of b?
2, 17
Suppose -6*c - 3 = -3*c. List the prime factors of 66 + c + 40/10.
3, 23
Suppose 3*n + 16*y - 11*y = 2695, y = n - 885. What are the prime factors of n?
2, 5, 89
Suppose -119*h - 2091 = -122*h. List the prime factors of h.
17, 41
Let d(z) = z + 14. Let x(c) = 5*c**3 - 3*c**2 + 2. Let t be x(2). Suppose t = h + 2*h. What are the prime factors of d(h)?
2, 3
Suppose 3*k = 15, 3*w - 7*w + 1922 = -2*k. What are the prime factors of w?
3, 7, 23
Let n(k) = k**2 - 4*k - 8. Let m be n(-14). Suppose -w = 19 - m. List the prime factors of w.
3, 5
Let a(q) = 20*q**3 - q**2 - 3*q + 9. What are the prime factors of a(3)?
3, 59
Suppose 0 = -3*u + c - 6 - 14, 0 = u + c + 4. Let w(q) = -q**3 - 5*q**2 + 7*q + 8. Let z be w(u). What are the prime factors of (6/(-5))/(z/(-30))?
2, 3
Suppose -j + 4*z = -16, 0 = -j - 3*z + z + 22. Suppose -3*u + 4*w - 17 - 12 = 0, -3*u = -5*w + 34. Let r = u + j. List the prime factors of r.
17
Let i be 1/(1/(-2))*-1. Suppose 147 = i*t + 61. List the prime factors of t.
43
Suppose 0 = -10*c + 13*c + 42. Let k = 46 - c. List the prime factors of k.
2, 3, 5
Let h = -323 - -754. List the prime factors of h.
431
Let k = 2281 - 1836. What are the prime factors of k?
5, 89
Let q be (-21)/(-126) - 26/12. Let t be q + 5/(-5)*37. Let r = -22 - t. What are the prime factors of r?
17
What are the prime factors of -3 + 0 + 5 + 1451?
1453
Let u(d) = -d - 1. Let q be u(-4). Suppose 156 = 2*b + 2*r - 5*r, -q*r + 204 = 3*b. List the prime factors of b.
2, 3
Let g(j) = -181*j**3 + j**2 + 5*j + 3. List the prime factors of g(-1).
2, 3, 5
Let q(t) = -5*t - 50. Let r be q(16). Let l = -41 - r. List the prime factors of l.
89
Suppose -20*u + 18*u + 28 = 0. Let h be (u - 4) + 1 + 1. Suppose -5*p = -117 + h. What are the prime factors of p?
3, 7
Let f be 12*(0 + -1)/(-2). Let s = 7 - f. What are the prime factors of (3 - s)/(2/2)?
2
Suppose -w + 29*q - 25*q = -463, 2*q = -6. What are the prime factors of w?
11, 41
Let r(k) = 1 + 0 - 3*k - 3*k. Let j(a) = 2*a - 18. Let n be j(6). What are the prime factors of r(n)?
37
Let y = 41 - 39. List the prime factors of y.
2
Let k(t) = 9*t - 3. Let s be k(1). What are the prime factors of 278/s + (-2)/(-6)*-1?
2, 23
Suppose 0 = 11*n - 2*n - 5463. List the prime factors of n.
607
Let i(k) = k**2 + 12*k + 18. Let n be i(-11). Let h = -14 + n. What are the prime factors of h/(3*3/(-9))?
7
Suppose -3*l + 1196 = -652. What are the prime factors of l?
2, 7, 11
Let a(t) = 80*t - 36. What are the prime factors of a(7)?
2, 131
Let r = 1064 - 578. What are the prime factors of r?
2, 3
Let c(b) = 92*b**2 + b. Let o be c(1). Let g be (9 - 620/70) + (-118)/(-7). Suppose o = 4*f + g. What are the prime factors of f?
19
Let j = 121 + -84. Let q(x) = 3*x - 5. Let d be q(10). Let y = j - d. What are the prime factors of y?
2, 3
Let h(z) = -38*z - 439. List the prime factors of h(-17).
3, 23
Let q(r) = -2*r**2 - 4*r - 2. Let x be q(-2). Let t(m) = 26*m - 15. Let f(o) = 13*o - 8. Let i(g) = 7*f(g) - 4*t(g). List the prime factors of i(x).
2, 3, 5
Suppose 3*g + 10*m - 5*m + 6 = 0, -9 = -2*g + m. Suppose 244 = g*v + v. List the prime factors of v.
61
Let d = -33 - -28. List the prime factors of (336/(-120))/(1/d).
2, 7
Let u be 4 - (-1 + 4)*1. Suppose -u = 4*j + 3*g, 2*g = -5*j + g + 7. What are the prime factors of 54*(2/3)/j?
2, 3
Suppose -5*h + 8 = -3*h. Suppose -2*t + 473 = -0*t - g, -961 = -h*t - g. What are the prime factors of t?
239
Let g(l) = -176*l + 30. List the prime factors of g(-6).
2, 3, 181
Let s(a) = a**2 + 5*a + 6. Let o be s(-4). Suppose 3*d - 673 = 2*g, 6*g + 665 = 3*d + o*g. List the prime factors of d.
227
Let z(b) = b**2 - 2*b + 2. Let m be z(2). Suppose 3*k = -6, 3*i + m*i - 5*k = 80. List the prime factors of i.
2, 7
Suppose f + 21 = 3*z, 0 = 3*z - 3*f - 2*f - 9. Let v be -2 + 1 - (-3 + -19 + -1). Let j = v + z. What are the prime factors of j?
2, 3, 5
Suppose -2*l + 7*n = 10*n - 106, 4*n = -3*l + 161. What are the prime factors of l?
59
Suppose 1 = 4*h - 11. Suppose -70 = -h*v + 35. What are the prime factors of v?
5, 7
Suppose 5*n + 12 = 8*n. Let v be 14 + -6 - (n + -1). Suppose 5*r - 2*b - b = 265, -v*r + 245 = b. What are the prime factors of r?
2, 5
Let k(u) = u**2 - 7*u + 15. Let g be k(5). Let c = -11 - -16. Suppose -17 = -2*n + n - p, -c = -n - g*p. List the prime factors of n.
2, 5
Let g(t) = 11*t**2 - 61*t - 16. What are the prime factors of g(16)?
2, 3, 19
Let l be 0/(-3) - (-5 - -7). List the prime factors of (-2)/((-6)/99) - l.
5, 7
Let k(r) = 4*r**2 + r + 16. What are the prime factors of k(-3)?
7
Let n(g) = -4*g - 14. Let q be n(-6). What are the prime factors of (616/(-70))/((-4)/q)?
2, 11
Let w = 7 + -5. Suppose 0 = -w*x + 14 - 98. Let p = 9 - x. What are the prime factors of p?
3, 17
Suppose -8959 = -21*m + 4*m. What are the prime factors of m?
17, 31
Let h = -15 + 15. Suppose -4*n + 299 - 59 = h. What are the prime factors of n + 8*4/(-8)?
2, 7
Suppose 7246 = 5*j + 1376. What are the prime factors of j?
2, 587
Let c(o) = o**3 + 3*o**2 - 1. Let l be c(-2). Let h = 2 + l. Suppose -w + i = -25, -22 = -h*w + 2*i + 91. What are the prime factors of w?
3, 7
Suppose -4*h + 315 + 85 = 0. Suppose h = 2*u + 2*u. What are the prime factors of u?
5
Let m = 3 + 0. Let r(z) = 3*z + m*z**2 + 5*z**2 + 3 - 6*z**2. List the prime factors of r(-4).
23
What are the prime factors of (3 - 9/9) + 1397?
1399
Let g = 400 + 5677. What are the prime factors of g?
59, 103
Suppose 0 = 11*t - 6*t - 230. Let q = 167 - t. What are the prime factors of q?
11
Suppose 29*c = 32*c - 4*f - 3555, 2*c - 2390 = -4*f. List the prime factors of c.
29, 41
Let k = -269 + 156. Let h = 164 + k. What are the prime factors of h?
3, 17
Let y = -360 - -660. Suppose -13*m = -18*m + y. Let k = 101 - m. What are the prime factors of k?
41
Let t = 8 - 3. Let v be 3/3*t - 2. Suppose 18 = 4*o - v*o. List the prime factors of o.
2, 3
Let w be 68/10 + 16/80. Let m = 44 - w. List the prime factors of m.
37
Suppose 8 = 4*j, -8*o + 1856 = -5*o - 5*j. List the prime factors of o.
2, 311
Let r = -115 + 185. Let q = r - 22. What are the prime factors of q?
2, 3
Let q(a) = -a**3 - 13*a**2 + 3. Let u be q(-13). List the prime factors of (248 - u)*12/15.
2, 7
Let w = 7 - 14. Let y(l) = -3 + 0*l - 1 + l - 4*l. List the prime factors of y(w).
17
Let f be (-2)/(-9) + 2/(-9). Suppose -p + 46 + 13 = f. List the prime factors of p.
59
Suppose 5*m - 3*q = 8972, 3564 = -42*m + 44*m + 5*q. What are the prime factors of m?
2, 7
Let z be (2/(-3))/((-10)/(-15)). Let i be (-35)/(-15) + z/3. Suppose 22 = -i*c + 60. List the prime factors of c.
19
Suppose 6*o + 11 = 23. Suppose -3*m - 263 = -5*f + 599, 2*m - o = 0. What are the prime factors of f?
173
Let v = 941 - 581. What are the prime factors of v?
2, 3, 5
Suppos